 d))*224/(-10). Let i = 101 - n. What is the tens digit of i?
1
Let h be 0*(7/35)/((-2)/(-5)). Suppose -5*x + 0 = -h. Suppose x = -128*u + 127*u + 218. What is the units digit of u?
8
Let s = -120 - -179. Suppose -s - 16 = -h. Let c = h - -54. What is the units digit of c?
9
Suppose u = 3*d + 3267, -5*u - d + 3*d = -16400. What is the units digit of (-4)/(-6)*(u/12 + 1)?
3
Suppose 30*o - 17*o = 286. Let z = 216 + o. What is the hundreds digit of z?
2
Let g(i) = 6*i**3 - 5*i - 6. Suppose 2*n - 4 = 4*n. Let c be g(n). What is the units digit of (155/62)/(42/c - -1)?
5
Let v = 81977 - 52089. What is the thousands digit of v?
9
Let j = -76 + 583. Let w = j - -319. What is the units digit of w?
6
Let d = -200 + 202. Suppose 5*t + 4*x - 591 = 0, 2*t - 478 = -d*t + 2*x. What is the units digit of t?
9
Let r be (-1)/(-6)*-4*144/(-32). Suppose -3*j = -4*g + 7409, -8*g + 7415 = -4*g + r*j. What is the units digit of g?
3
Let y(c) be the third derivative of -5*c**4/8 + 2*c**3 + 7*c**2. Let f be (1 - 4)*(-25)/(-15). What is the tens digit of y(f)?
8
Let v(u) = -u**2 + 31*u - 209. Let s be v(10). What is the hundreds digit of -1 + 4040/(5/s)?
8
Let u = -978 - -986. What is the units digit of -2 - (-3 - 11061)/u?
1
Suppose -11*d - 3 = -12*d. Suppose 4*y = 5*y - m + 50, d*y = -2*m - 125. What is the tens digit of (0 + -1)*(y - (-2 + 6))?
4
Let k = -5540 + 14326. What is the hundreds digit of k?
7
Let a(k) = 67*k**2 - 74*k + 700. What is the thousands digit of a(10)?
6
Let q(z) = z**2 - 42 + 81 - 38 + z**3 - 2*z. Let g be q(2). Suppose -96 = g*v - 15*v. What is the tens digit of v?
1
Let x be (-19)/38*3*(-56)/(-6). What is the hundreds digit of (68656/(-11))/x + (-2)/(-11)?
4
Suppose 0 = 20*y - 2*y - 612. Suppose -4*z + 4*w = -296, z - y = 2*w + 38. What is the units digit of z?
6
Suppose 38*i - 6 = 32*i. Let c be (2 + (-816)/15)/(i/5). Let z = c - -451. What is the units digit of z?
9
Suppose 452824 = 72*t + 83104. What is the units digit of t?
5
Let y = 536 + -533. Suppose -3*w = w + y*o - 4839, w - o - 1208 = 0. What is the units digit of w?
9
What is the thousands digit of ((3/2)/(-1))/((-4)/15216)?
5
Let p(d) = -60*d - 32. Let f be p(-17). Suppose 11*b = 15*b - f. What is the tens digit of b?
4
Suppose p + p + d = 78625, 4*p - 2*d - 157278 = 0. What is the ten thousands digit of p?
3
Suppose -61*m = -31*m - 33*m + 29148. What is the hundreds digit of m?
7
Let f(z) = z**3 - 13*z**2 + 22. Let c be f(13). Let w = c + -20. Suppose -w*b + 45 = b. What is the units digit of b?
5
Suppose 3*n - 477023 = -7*w, 11*w - 2*n = 14*w - 204437. What is the ten thousands digit of w?
6
Suppose 1609 = 12*h - 479. Let t = h + 266. What is the tens digit of t?
4
Suppose 5*d = 289 - 264. What is the units digit of (-46)/((-15)/d + 2)?
6
Let u = -17985 - -22455. What is the tens digit of u?
7
Suppose -w - 8124 = a + 2760, -43515 = 4*a - 3*w. What is the units digit of a/(-72) - 6/48?
1
Let l be ((-2)/(-4))/((-2)/(-308)). Suppose 4 - 58 = -n. Let i = l - n. What is the units digit of i?
3
Let i = 517 - 175. Suppose s - 509 - i = 0. What is the units digit of s?
1
Let c = 6 + -6. Suppose 74*a - 26*a - 2352 = c. What is the tens digit of a?
4
What is the tens digit of ((-42451913)/105)/(-61) + 2/30?
2
Let j = 38094 + 35944. What is the tens digit of j?
3
Suppose -10*i - 432 = -7*i. Let m(h) = -4*h**2 - 5*h + 4. Let y be m(7). Let x = i - y. What is the tens digit of x?
8
Let y(o) = 4*o - 112. Let x be y(31). Let g be (-45)/5*(-8)/(-6). What is the tens digit of 18/x*(-664)/g?
8
Let x = 10 + -23. Let v(k) = -k**2 - 13*k + 10. Let y be v(x). Let i(n) = n**3 - 9*n**2 - 7*n + 15. What is the tens digit of i(y)?
4
Let d = -20590 - -39035. What is the tens digit of d?
4
Let h(f) = -860*f**3 - 22*f**2 - 54*f - 16. What is the units digit of h(-3)?
8
Suppose -4*q + 236 = -2456. What is the hundreds digit of (-4 + 3)/((-4712)/q - -7)?
6
Let n = 26396 - 6916. What is the units digit of n?
0
Let z be (-5 - -5 - 18)*2/(-4). Suppose 0 = -3*a - o - 8, a + 0*a - 2*o - z = 0. What is the tens digit of (-2)/3*3 - 118/a?
1
Let r be (5 - -3) + (-3)/1 + 0. Suppose m = 4*y + 1 + 7, m = -r*y - 1. Suppose 122 = m*g + 2*s, 4*s - 1 = 3. What is the units digit of g?
0
Let v(a) = 30*a**2 + 18*a + 41. Suppose h + 4*w = -19, w + 7 = h - 2*h. What is the tens digit of v(h)?
5
Let a(w) = 11*w**2 - 10*w - 16. Let r(s) = 5*s + 124. Let g be r(-26). What is the tens digit of a(g)?
4
Suppose -12*h = 4*t - 280328, -5*h + 2*t = -8329 - 108500. What is the tens digit of h?
6
Let c be (-2429)/(-14) + -10 + (-2)/4. Let k = c + 193. What is the units digit of k?
6
Let i(v) = 8*v - 16. Let j be i(2). Suppose 3*b + 3*l = 2478, j = -25*b + 23*b + l + 1652. What is the tens digit of b?
2
Suppose 30 = 6*f - 0*f. Suppose -f*b + 311 = 3*w, -2 = 10*b - 9*b. Suppose -3*h - w = -629. What is the units digit of h?
4
Let o = -2 - 5. Let r(c) = -29*c - 3. Let v(y) = 13*y + 1. Let p(a) = -4*r(a) - 9*v(a). What is the tens digit of p(o)?
1
What is the thousands digit of -42*((-42)/49 + 11767/(-49))?
0
Suppose 23*q = 27*q - 2128. Suppose -24*a - 6514 = 1478. Let n = a + q. What is the units digit of n?
9
Let b(n) be the first derivative of -n**4/4 - 22*n**3/3 - 47*n**2/2 - 32*n - 19. Let o be b(-20). Suppose 127 = 5*q - o. What is the units digit of q?
7
Let u = -718 - -1093. Let i = 224 + u. What is the tens digit of i?
9
Suppose -2*t + 43697 = -3*v, -v + 21853 = 5*t - 87347. What is the ten thousands digit of t?
2
Let u(l) = -132*l + 70. Let f be u(18). Let t = f - -3288. What is the tens digit of t?
8
Suppose 3*m - 103 - 11 = 0. Let d be -5 - (-18 + (11 - -2)). Suppose 6*i - 7*i + m = d. What is the units digit of i?
8
What is the thousands digit of (-259)/(-37)*(2078 + 3) - 5?
4
Let g(o) = -5*o + 57. Let t be g(10). Suppose -t*c - 761 = -1937. What is the tens digit of c?
6
Let f = -4423 + 39512. What is the ten thousands digit of f?
3
Let k(t) = 460*t + 956. What is the units digit of k(27)?
6
Suppose 2*j - 213 = -225. What is the tens digit of (2 + -2 - (7 + j)) + 130?
2
Let l(c) = -2*c**2 - 63. Let t be l(18). Let z = t + 1108. What is the hundreds digit of z?
3
Let g = 28186 - -2688. What is the tens digit of g?
7
What is the hundreds digit of 18608/16 + (-3 - (1 + -9))?
1
Suppose -j = 5, -4672 + 1064 = -3*w + 4*j. Let l = -646 + w. What is the hundreds digit of l?
5
Let a be 24/(-16) - (-49)/14. Suppose a*h - 1456 = 672. What is the tens digit of h?
6
What is the thousands digit of 12*14/(-168) - (-2 - 39943/1)?
9
Let f be 21/9 + 1376/(-96). Let d(g) = -31 + 24 - 17*g - 31 - 12*g**2 - g**3. What is the units digit of d(f)?
6
What is the tens digit of (-6)/8 + 3241646/136 + 506/4301?
3
Let t(v) = 46*v**2 - 20*v + 71. What is the units digit of t(3)?
5
Let w be -1 - 2/1 - 11270/(-10). Let c = w - 558. What is the units digit of c?
6
What is the hundreds digit of (-1 + 204)*(-638)/(-406)?
3
Let u(b) = b**3 + 20*b**2 + 39*b - 1. Suppose 5*m = -4*n + 7*n - 46, 4*m = 3*n - 35. What is the tens digit of u(m)?
5
Let g be (226/3)/(2/3). Suppose -125*t + 150*t - 2175 = 0. Let q = g + t. What is the units digit of q?
0
Let f(s) = -2*s**3 - 36*s**2 + 124*s + 106. Let u(k) = k**3 + 18*k**2 - 61*k - 53. Let i(p) = -4*f(p) - 9*u(p). What is the units digit of i(-21)?
3
Let k(c) = c**3 + 12*c**2 - 130*c + 7. Let w be k(-20). Let f = -320 - w. What is the tens digit of f?
7
Let i(s) = 131*s + 56. Let y = -120 + 122. What is the tens digit of i(y)?
1
Let o be -1086*((-42)/7 - 0). Suppose -11*q + 4759 = -o. What is the thousands digit of q?
1
Let a(c) = -99 + 26*c + 32*c + 22. What is the hundreds digit of a(9)?
4
Let f = -13915 + 19757. What is the thousands digit of f?
5
Let v(i) = -2*i**3 - 152*i**2 - 231*i - 295. What is the thousands digit of v(-76)?
7
Suppose 35*z + 341679 = 33*z + 41*z. What is the tens digit of z?
6
Let r = 3440 + -990. What is the thousands digit of r?
2
Suppose -39*h - 42925 = -14*h. Let k = h - -2420. What is the hundreds digit of k?
7
Let a = -15 + 21. Suppose 0 = -a*z + 84 + 198. What is the tens digit of (z - 3)/(-2*2/(-4))?
4
Let t(x) = -7*x**3 - 33*x**2 + 12*x - 3. What is the units digit of t(-12)?
7
Let s(k) = 84*k**2 - 3642*k - 73. What is the ten thousands digit of s(52)?
3
Let x(s) = 377*s - 1373. What